s 1117 divide 4602697?
False
Is 210 a factor of 232822?
False
Does 4 divide 1092760?
True
Is 17 a factor of 372749?
False
Does 164 divide 220908?
True
Does 131 divide 657227?
True
Does 10 divide 169980?
True
Is 9 a factor of 634273?
False
Is 7038423 a multiple of 53?
False
Is 142 a factor of 14576793?
False
Is 5 a factor of 35796?
False
Is 1142956 a multiple of 23?
False
Does 18 divide 2244159?
False
Is 94582 a multiple of 20?
False
Is 161 a factor of 491751?
False
Does 1281 divide 14283776?
False
Is 633 a factor of 5656488?
True
Is 6 a factor of 206796?
True
Does 11 divide 90109?
False
Is 13 a factor of 24850339?
False
Is 318216 a multiple of 3?
True
Is 61 a factor of 2291905?
False
Does 8 divide 18200168?
True
Is 21 a factor of 16312203?
False
Is 3180672 a multiple of 64?
True
Does 74 divide 37895?
False
Does 69 divide 1694847?
True
Is 273 a factor of 203848?
False
Is 55278 a multiple of 74?
True
Is 54644 a multiple of 19?
True
Is 147150 a multiple of 6?
True
Does 11 divide 6079898?
True
Is 206305 a multiple of 341?
True
Does 8 divide 131048?
True
Is 167 a factor of 1944715?
True
Is 376 a factor of 407584?
True
Is 130 a factor of 4000230?
True
Does 2 divide 7689?
False
Is 11 a factor of 20436713?
True
Is 703 a factor of 800014?
True
Is 1620801 a multiple of 31?
False
Is 760657 a multiple of 100?
False
Is 133566 a multiple of 281?
False
Is 49776 a multiple of 43?
False
Is 9 a factor of 195651?
True
Is 1205 a factor of 11661990?
True
Does 39 divide 4007937?
False
Is 541 a factor of 2838627?
True
Does 24 divide 74883?
False
Is 3 a factor of 1477754?
False
Does 41 divide 114180?
False
Does 46 divide 1849798?
True
Is 46512 a multiple of 68?
True
Does 346 divide 4127088?
True
Is 39082 a multiple of 8?
False
Is 67815 a multiple of 426?
False
Is 6080829 a multiple of 224?
False
Does 865 divide 357254?
False
Is 18 a factor of 345887?
False
Is 6 a factor of 20161?
False
Is 891340 a multiple of 27?
False
Does 10 divide 26109?
False
Is 17 a factor of 3972713?
True
Is 52 a factor of 904176?
True
Does 11 divide 280137?
True
Is 4976870 a multiple of 255?
False
Does 103 divide 109693?
False
Is 14 a factor of 589820?
True
Is 41 a factor of 14678?
True
Does 496 divide 2341120?
True
Is 187056 a multiple of 72?
True
Does 106 divide 326474?
False
Does 31 divide 32993?
False
Is 1061730 a multiple of 470?
True
Does 651 divide 229344?
False
Does 126 divide 626646?
False
Does 560 divide 4167861?
False
Does 137 divide 219200?
True
Is 24 a factor of 254916?
False
Is 17 a factor of 629568?
False
Is 14 a factor of 244342?
True
Does 2 divide 799866?
True
Is 851148 a multiple of 27?
True
Is 61 a factor of 33977?
True
Does 670 divide 2783132?
False
Is 5667528 a multiple of 253?
False
Is 380 a factor of 409640?
True
Does 1817 divide 15732938?
False
Is 2779323 a multiple of 753?
True
Does 1734 divide 4627959?
False
Is 1347068 a multiple of 18?
False
Does 90 divide 3996360?
True
Is 21 a factor of 306575?
False
Does 384 divide 310656?
True
Is 21 a factor of 567070?
False
Is 13 a factor of 1402287?
False
Does 681 divide 3406704?
False
Is 86 a factor of 1314400?
False
Is 405767 a multiple of 85?
False
Is 420 a factor of 1559440?
False
Does 12 divide 7514591?
False
Is 1188222 a multiple of 266?
True
Does 17 divide 131529?
True
Is 2032932 a multiple of 128?
False
Is 323 a factor of 2035223?
True
Is 716 a factor of 293560?
True
Is 152131 a multiple of 103?
True
Is 2 a factor of 20087?
False
Is 321 a factor of 199113?
False
Does 24 divide 397523?
False
Is 110 a factor of 119624?
False
Does 97 divide 270824?
True
Does 5 divide 4506625?
True
Is 41760 a multiple of 32?
True
Is 14276451 a multiple of 303?
True
Does 65 divide 147355?
True
Is 28 a factor of 293636?
True
Is 4329720 a multiple of 1055?
True
Is 1278 a factor of 134542?
False
Is 2552760 a multiple of 23?
False
Is 155184 a multiple of 4?
True
Is 423 a factor of 675627?
False
Is 37 a factor of 107873?
False
Does 54 divide 226422?
True
Does 222 divide 1807004?
False
Does 31 divide 788456?
False
Does 2358 divide 1143630?
True
Does 148 divide 15096?
True
Is 210 a factor of 207429?
False
Is 43 a factor of 924156?
True
Is 4 a factor of 98852?
True
Does 4 divide 586596?
True
Is 7 a factor of 277228?
True
Is 87 a factor of 88624?
False
Is 11 a factor of 476531?
True
Is 1882 a multiple of 13?
False
Is 52448 a multiple of 352?
True
Does 2 divide 2016693?
False
Does 618 divide 2642290?
False
Is 368 a factor of 575552?
True
Is 23 a factor of 194120?
True
Is 17 a factor of 855100?
True
Is 505656 a multiple of 27?
True
Is 91 a factor of 173264?
True
Is 40 a factor of 249120?
True
Is 1645 a factor of 20922755?
True
Does 57 divide 1571376?
True
Is 49 a factor of 507200?
False
Is 1070619 a multiple of 38?
False
Does 11 divide 342416?
False
Is 1349642 a multiple of 21?
False
Does 5 divide 19085?
True
Is 41499 a multiple of 477?
True
Does 786 divide 4321843?
False
Is 40 a factor of 43840?
True
Is 2697558 a multiple of 93?
True
Does 2 divide 14805?
False
Does 253 divide 147363?
False
Does 6 divide 704562?
True
Is 50 a factor of 5651262?
False
Does 93 divide 10647289?
False
Does 75 divide 174718?
False
Is 1670550 a multiple of 350?
True
Is 14 a factor of 76457?
False
Is 143 a factor of 370020?
False
Is 21 a factor of 182152?
False
Is 118 a factor of 4364112?
True
Does 5 divide 15995?
True
Is 70 a factor of 60557?
False
Does 473 divide 2069848?
True
Is 138 a factor of 411792?
True
Does 45 divide 179707?
False
Does 410 divide 398520?
True
Is 27 a factor of 1077921?
True
Is 188480 a multiple of 4?
True
Does 264 divide 329208?
True
Is 836548 a multiple of 65?
False
Does 131 divide 469584?
False
Does 6 divide 42197?
False
Does 242 divide 88572?
True
Is 14 a factor of 993552?
True
Is 2852 a multiple of 23?
True
Does 102 divide 1696217?
False
Is 1240850 a multiple of 575?
True
Is 3130786 a multiple of 14?
False
Is 14268931 a multiple of 479?
True
Is 61 a factor of 193980?
True
Is 1946556 a multiple of 309?
False
Does 206 divide 77456?
True
Is 4592142 a multiple of 112?
False
Does 63 divide 643789?
False
Is 40 a factor of 1870504?
False
Is 444210 a multiple of 17?
True
Is 55 a factor of 91080?
True
Is 8 a factor of 183320?
True
Is 79 a factor of 2265404?
True
Does 9 divide 2859007?
False
Is 1047543 a multiple of 26?
False
Does 89 divide 85948?
False
Does 68 divide 6945201?
False
Is 599 a factor of 310282?
True
Is 214873 a multiple of 30?
False
Does 323 divide 644011?
False
Is 5 a factor of 681428?
False
Is 21 a factor of 11244492?
True
Does 8 divide 111752?
True
Is 36105 a multiple of 72?
False
Is 9 a factor of 408987?
True
Does 650 divide 7590001?
False
Is 132532 a multiple of 17?
True
Is 291 a factor of 130077?
True
Is 15 a factor of 241474?
False
Does 15 divide 141609?
False
Does 16 divide 27637655?
False
Is 241 a factor of 22070327?
False
Is 213 a factor of 124109?
False
Is 232 a factor of 73312?
True
Does 10 divide 138570?
True
Is 4694976 a multiple of 16?
True
Is 421740 a multiple of 110?
True
Is 259 a factor of 3389533?
True
Is 9 a factor of 13561695?
True
Is 1314 a factor of 5920752?
False
Is 213444 a multiple of 231?
True
Is 8224 a multiple of 8?
True
Does 44 divide 3228180?
False
Does 5 divide 165487?
False
Does 57 divide 625973?
False
Does 6 divide 4771140?
True
Does 212 divide 2510928?
True
Does 286 divide 154853?
False
Does 17 divide 116110?
True
Is 1747416 a multiple of 22?
True
Is 143868 a multiple of 631?
True
Is 159058 a multiple of 13?
False
Is 73 a factor of 42559?
True
Is 3 a factor of 48402?
True
Is 13 a factor of 210738?
False
Is 321069 a multiple of 30?
False
Is 75 a factor of 1705950?
True
Does 1811 divide 5154106?
True
Does 18 divide 832536?
True
Is 209 a factor of 176294?
False
Is 36 a factor of 98604?
True
Does 42 divide 35591?
False
Does 115 divide 432888?
False
Does 20 divide 340790?
False
Is 109977 even?
False
Does 43 divide 157767?
True
Does 4 divide 512076?
True
Is 1317 a factor of 1755561?
True
Is 1164162 a multiple of 43?
False
Does 17 divide 61490?
False
Is 293 a factor of 2703804?
True
Does 10 divide 67568?
False
Is 479434 a multiple of 17?
True
Is 19 a factor of 4295?
False
Is 13 a factor of 6138145?
True
Is 449 a factor of 791669?
False
Does 7 divide 755775?
False
Is 350 a factor of 26638?
False
Does 23 divide 12